{"id":7199,"date":"2024-09-12T14:02:37","date_gmt":"2024-09-12T14:02:37","guid":{"rendered":"https:\/\/designideal.com.br\/ademi-niteroi\/?page_id=7199"},"modified":"2024-10-01T19:25:55","modified_gmt":"2024-10-01T19:25:55","slug":"associados","status":"publish","type":"page","link":"https:\/\/designideal.com.br\/ademi-niteroi\/associados\/","title":{"rendered":"Associados"},"content":{"rendered":"\n<div class=\"wp-block-group has-global-padding is-layout-constrained wp-block-group-is-layout-constrained\">\n<div class=\"wp-block-group is-layout-flow wp-block-group-is-layout-flow\">\n<p class=\"has-text-color\" style=\"color:#0bb4aa\">COM QUEM TRABALHAMOS<\/p>\n\n\n\n<h2 class=\"wp-block-heading has-large-font-size\">Conhe\u00e7a quem j\u00e1 \u00e9 Ademi-Niter\u00f3i<\/h2>\n\n\n\n<div style=\"height:32px\" aria-hidden=\"true\" class=\"wp-block-spacer\"><\/div>\n\n\n\n<div style=\"height:0px\" aria-hidden=\"true\" class=\"wp-block-spacer\"><\/div>\n\n\n\n<div class=\"wp-block-columns is-layout-flex wp-container-core-columns-is-layout-28f84493 wp-block-columns-is-layout-flex\">\n<div class=\"wp-block-column is-vertically-aligned-top is-style-default is-layout-flow wp-block-column-is-layout-flow\" style=\"border-style:none;border-width:0px;padding-top:0;padding-right:0;padding-bottom:0;padding-left:0\">\n<div class=\"wp-block-group alignwide is-vertical is-content-justification-left is-nowrap is-layout-flex wp-container-core-group-is-layout-0a380418 wp-block-group-is-layout-flex\" style=\"min-height:120px\">\n<figure class=\"wp-block-image aligncenter size-full is-resized\"><img loading=\"lazy\" decoding=\"async\" width=\"593\" height=\"150\" src=\"https:\/\/designideal.com.br\/ademi-niteroi\/wp-content\/uploads\/2024\/09\/logo-spin.webp\" alt=\"\" class=\"wp-image-7189\" style=\"width:240px\"\/><\/figure>\n<\/div>\n\n\n\n<h4 class=\"wp-block-heading\"><strong>SPIN INOVA\u00c7\u00d5ES IMOBILI\u00c1RIAS<\/strong><\/h4>\n\n\n\n<p>Av. Jornalista Alberto Francisco Torres, 177 Lj 102 \u2013 Icara\u00ed &#8211; Niter\u00f3i &#8211; RJ<br>CEP: 24230-002<br>Tel: 2703-1000<\/p>\n\n\n\n<ul class=\"wp-block-social-links has-icon-color is-style-logos-only is-layout-flex wp-block-social-links-is-layout-flex\"><li style=\"color:#6C6C77;\" class=\"wp-social-link wp-social-link-chain has-lightgrey-color wp-block-social-link\"><a href=\"https:\/\/www.spinimoveis.com\/\" class=\"wp-block-social-link-anchor\"><svg width=\"24\" height=\"24\" viewBox=\"0 0 24 24\" version=\"1.1\" xmlns=\"http:\/\/www.w3.org\/2000\/svg\" aria-hidden=\"true\" focusable=\"false\"><path d=\"M15.6,7.2H14v1.5h1.6c2,0,3.7,1.7,3.7,3.7s-1.7,3.7-3.7,3.7H14v1.5h1.6c2.8,0,5.2-2.3,5.2-5.2,0-2.9-2.3-5.2-5.2-5.2zM4.7,12.4c0-2,1.7-3.7,3.7-3.7H10V7.2H8.4c-2.9,0-5.2,2.3-5.2,5.2,0,2.9,2.3,5.2,5.2,5.2H10v-1.5H8.4c-2,0-3.7-1.7-3.7-3.7zm4.6.9h5.3v-1.5H9.3v1.5z\"><\/path><\/svg><span class=\"wp-block-social-link-label screen-reader-text\">Link<\/span><\/a><\/li><\/ul>\n<\/div>\n\n\n\n<div class=\"wp-block-column is-style-default is-layout-flow wp-block-column-is-layout-flow\" style=\"border-style:none;border-width:0px;padding-top:0;padding-right:0;padding-bottom:0;padding-left:0\">\n<div class=\"wp-block-group alignwide is-vertical is-content-justification-left is-nowrap is-layout-flex wp-container-core-group-is-layout-0a380418 wp-block-group-is-layout-flex\" style=\"min-height:120px\">\n<figure class=\"wp-block-image aligncenter size-full is-resized\"><img loading=\"lazy\" decoding=\"async\" width=\"250\" height=\"123\" src=\"https:\/\/designideal.com.br\/ademi-niteroi\/wp-content\/uploads\/2024\/09\/logo-ja.png\" alt=\"\" class=\"wp-image-7194\" style=\"width:215px\"\/><\/figure>\n<\/div>\n\n\n\n<h4 class=\"wp-block-heading\"><strong>JOAQUIM ANDRADE NETO ARQUITETURA E CONSULTORIA LTDA<\/strong><\/h4>\n\n\n\n<p>Rua Miguel de Frias, 77 sala 1816<br>Cep: 24220-008<br>Tel: (21) 2612-3346<\/p>\n\n\n\n<ul class=\"wp-block-social-links has-icon-color is-style-logos-only is-layout-flex wp-block-social-links-is-layout-flex\"><li style=\"color:#6C6C77;\" class=\"wp-social-link wp-social-link-chain has-lightgrey-color wp-block-social-link\"><a href=\"https:\/\/joaquimandrade.com.br\/\" class=\"wp-block-social-link-anchor\"><svg width=\"24\" height=\"24\" viewBox=\"0 0 24 24\" version=\"1.1\" xmlns=\"http:\/\/www.w3.org\/2000\/svg\" aria-hidden=\"true\" focusable=\"false\"><path d=\"M15.6,7.2H14v1.5h1.6c2,0,3.7,1.7,3.7,3.7s-1.7,3.7-3.7,3.7H14v1.5h1.6c2.8,0,5.2-2.3,5.2-5.2,0-2.9-2.3-5.2-5.2-5.2zM4.7,12.4c0-2,1.7-3.7,3.7-3.7H10V7.2H8.4c-2.9,0-5.2,2.3-5.2,5.2,0,2.9,2.3,5.2,5.2,5.2H10v-1.5H8.4c-2,0-3.7-1.7-3.7-3.7zm4.6.9h5.3v-1.5H9.3v1.5z\"><\/path><\/svg><span class=\"wp-block-social-link-label screen-reader-text\">Link<\/span><\/a><\/li><\/ul>\n<\/div>\n\n\n\n<div class=\"wp-block-column is-style-default is-layout-flow wp-block-column-is-layout-flow\" style=\"border-style:none;border-width:0px;padding-top:0;padding-right:0;padding-bottom:0;padding-left:0\">\n<div class=\"wp-block-group alignwide is-vertical is-content-justification-left is-nowrap is-layout-flex wp-container-core-group-is-layout-0a380418 wp-block-group-is-layout-flex\" style=\"min-height:120px\">\n<figure class=\"wp-block-image aligncenter size-full is-resized\"><img loading=\"lazy\" decoding=\"async\" width=\"243\" height=\"131\" src=\"https:\/\/designideal.com.br\/ademi-niteroi\/wp-content\/uploads\/2024\/09\/cliente_soter.png\" alt=\"\" class=\"wp-image-7190\" style=\"width:211px;height:auto\"\/><\/figure>\n<\/div>\n\n\n\n<h4 class=\"wp-block-heading\"><strong>SOTER \u2013 SOCIEDADE T\u00c9CNICA DE ENGENHARIA S.A<\/strong><\/h4>\n\n\n\n<p>Rua Dr. Borman n\u00ba 43, 12\u00ba andar &#8211; Niter\u00f3i \u2013 RJ<br>CEP: 24020-320<br>Tel: (21) 2716-9393 Fax: (21) 2719-7165<\/p>\n\n\n\n<ul class=\"wp-block-social-links has-icon-color is-style-logos-only is-layout-flex wp-block-social-links-is-layout-flex\"><li style=\"color:#6C6C77;\" class=\"wp-social-link wp-social-link-chain has-lightgrey-color wp-block-social-link\"><a href=\"https:\/\/www.soter.com.br\" class=\"wp-block-social-link-anchor\"><svg width=\"24\" height=\"24\" viewBox=\"0 0 24 24\" version=\"1.1\" xmlns=\"http:\/\/www.w3.org\/2000\/svg\" aria-hidden=\"true\" focusable=\"false\"><path d=\"M15.6,7.2H14v1.5h1.6c2,0,3.7,1.7,3.7,3.7s-1.7,3.7-3.7,3.7H14v1.5h1.6c2.8,0,5.2-2.3,5.2-5.2,0-2.9-2.3-5.2-5.2-5.2zM4.7,12.4c0-2,1.7-3.7,3.7-3.7H10V7.2H8.4c-2.9,0-5.2,2.3-5.2,5.2,0,2.9,2.3,5.2,5.2,5.2H10v-1.5H8.4c-2,0-3.7-1.7-3.7-3.7zm4.6.9h5.3v-1.5H9.3v1.5z\"><\/path><\/svg><span class=\"wp-block-social-link-label screen-reader-text\">Link<\/span><\/a><\/li><\/ul>\n<\/div>\n<\/div>\n\n\n\n<div style=\"height:20px\" aria-hidden=\"true\" class=\"wp-block-spacer\"><\/div>\n\n\n\n<div class=\"wp-block-columns is-layout-flex wp-container-core-columns-is-layout-28f84493 wp-block-columns-is-layout-flex\">\n<div class=\"wp-block-column is-style-default is-layout-flow wp-block-column-is-layout-flow\" style=\"border-style:none;border-width:0px;padding-top:0;padding-right:0;padding-bottom:0;padding-left:0\">\n<div class=\"wp-block-group alignwide is-vertical is-content-justification-left is-nowrap is-layout-flex wp-container-core-group-is-layout-0a380418 wp-block-group-is-layout-flex\" style=\"min-height:130px\">\n<figure class=\"wp-block-image aligncenter size-full is-resized\"><img loading=\"lazy\" decoding=\"async\" width=\"124\" height=\"124\" src=\"https:\/\/designideal.com.br\/ademi-niteroi\/wp-content\/uploads\/2024\/09\/logo-ceu.png\" alt=\"\" class=\"wp-image-7195\" style=\"width:100px\"\/><\/figure>\n<\/div>\n\n\n\n<h4 class=\"wp-block-heading\"><strong>CEU \u2013 CONSTRU\u00c7\u00d5ES E ENGENHARIA URBANA S\/A<\/strong><\/h4>\n\n\n\n<p>Rua Visconde do Uruguai, n\u00ba 214 \u2013 Niter\u00f3i \u2013 RJ<br>CEP: 22471-080<br>Tel: (21) 2719-9595 Fax: (21) 2717-5202<\/p>\n\n\n\n<ul class=\"wp-block-social-links has-icon-color is-style-logos-only is-layout-flex wp-block-social-links-is-layout-flex\"><li style=\"color:#6C6C77;\" class=\"wp-social-link wp-social-link-chain has-lightgrey-color wp-block-social-link\"><a href=\"https:\/\/www.ceuengenharia.com.br\/\" class=\"wp-block-social-link-anchor\"><svg width=\"24\" height=\"24\" viewBox=\"0 0 24 24\" version=\"1.1\" xmlns=\"http:\/\/www.w3.org\/2000\/svg\" aria-hidden=\"true\" focusable=\"false\"><path d=\"M15.6,7.2H14v1.5h1.6c2,0,3.7,1.7,3.7,3.7s-1.7,3.7-3.7,3.7H14v1.5h1.6c2.8,0,5.2-2.3,5.2-5.2,0-2.9-2.3-5.2-5.2-5.2zM4.7,12.4c0-2,1.7-3.7,3.7-3.7H10V7.2H8.4c-2.9,0-5.2,2.3-5.2,5.2,0,2.9,2.3,5.2,5.2,5.2H10v-1.5H8.4c-2,0-3.7-1.7-3.7-3.7zm4.6.9h5.3v-1.5H9.3v1.5z\"><\/path><\/svg><span class=\"wp-block-social-link-label screen-reader-text\">Link<\/span><\/a><\/li><\/ul>\n<\/div>\n\n\n\n<div class=\"wp-block-column is-style-default is-layout-flow wp-block-column-is-layout-flow\" style=\"border-style:none;border-width:0px;padding-top:0;padding-right:0;padding-bottom:0;padding-left:0\">\n<div class=\"wp-block-group alignwide is-vertical is-content-justification-left is-nowrap is-layout-flex wp-container-core-group-is-layout-0a380418 wp-block-group-is-layout-flex\" style=\"min-height:130px\">\n<figure class=\"wp-block-image aligncenter size-full is-resized\"><img loading=\"lazy\" decoding=\"async\" width=\"150\" height=\"150\" src=\"https:\/\/designideal.com.br\/ademi-niteroi\/wp-content\/uploads\/2024\/09\/PROART-ENGENHARIA.webp\" alt=\"\" class=\"wp-image-7193\" style=\"width:130px\"\/><\/figure>\n<\/div>\n\n\n\n<h4 class=\"wp-block-heading\"><strong>PROART ENGENHARIA LTDA<\/strong><\/h4>\n\n\n\n<p>Estrada Francisco da Cruz Nunes n\u00ba 6501 &#8211; sala 386<br>CEP: 24350-310 &#8211; Niter\u00f3i &#8211; RJ<br>Fone: (21) 2609-5004<\/p>\n\n\n\n<ul class=\"wp-block-social-links has-icon-color is-style-logos-only is-layout-flex wp-block-social-links-is-layout-flex\"><li style=\"color:#6C6C77;\" class=\"wp-social-link wp-social-link-chain has-lightgrey-color wp-block-social-link\"><a href=\"https:\/\/proartengenharia.com\/\" class=\"wp-block-social-link-anchor\"><svg width=\"24\" height=\"24\" viewBox=\"0 0 24 24\" version=\"1.1\" xmlns=\"http:\/\/www.w3.org\/2000\/svg\" aria-hidden=\"true\" focusable=\"false\"><path d=\"M15.6,7.2H14v1.5h1.6c2,0,3.7,1.7,3.7,3.7s-1.7,3.7-3.7,3.7H14v1.5h1.6c2.8,0,5.2-2.3,5.2-5.2,0-2.9-2.3-5.2-5.2-5.2zM4.7,12.4c0-2,1.7-3.7,3.7-3.7H10V7.2H8.4c-2.9,0-5.2,2.3-5.2,5.2,0,2.9,2.3,5.2,5.2,5.2H10v-1.5H8.4c-2,0-3.7-1.7-3.7-3.7zm4.6.9h5.3v-1.5H9.3v1.5z\"><\/path><\/svg><span class=\"wp-block-social-link-label screen-reader-text\">Link<\/span><\/a><\/li><\/ul>\n<\/div>\n\n\n\n<div class=\"wp-block-column is-style-default is-layout-flow wp-block-column-is-layout-flow\" style=\"border-style:none;border-width:0px;padding-top:0;padding-right:0;padding-bottom:0;padding-left:0\">\n<div class=\"wp-block-group alignwide is-vertical is-content-justification-center is-nowrap is-layout-flex wp-container-core-group-is-layout-47bc2a14 wp-block-group-is-layout-flex\" style=\"min-height:130px\"><\/div>\n\n\n\n<p><\/p>\n<\/div>\n<\/div>\n<\/div>\n\n\n\n<div style=\"height:82px\" aria-hidden=\"true\" class=\"wp-block-spacer\"><\/div>\n<\/div>\n\n\n\n<div class=\"wp-block-group alignfull has-background-background-color has-background has-global-padding is-layout-constrained wp-block-group-is-layout-constrained\" style=\"margin-top:0px;margin-bottom:0px;padding-top:var(--wp--preset--spacing--xx-large);padding-bottom:var(--wp--preset--spacing--xx-large)\">\n<div style=\"height:50px\" aria-hidden=\"true\" class=\"wp-block-spacer\"><\/div>\n\n\n\n<div class=\"wp-block-group has-global-padding is-layout-constrained wp-block-group-is-layout-constrained\">\n<h2 class=\"wp-block-heading has-text-align-center has-medium-font-size\" style=\"letter-spacing:1px\">VEM SER S\u00d3CIO ADEMI-NITER\u00d3I!<\/h2>\n\n\n\n<p class=\"has-text-align-center\">Confira as vantagens.<\/p>\n\n\n\n<div class=\"wp-block-buttons is-horizontal is-content-justification-center is-layout-flex wp-container-core-buttons-is-layout-03627597 wp-block-buttons-is-layout-flex\">\n<div class=\"wp-block-button has-custom-font-size is-style-fill has-small-font-size\"><a class=\"wp-block-button__link wp-element-button\" href=\"https:\/\/ademiniteroi.com.br\/seja-socio\/\" style=\"border-radius:0px\">SEJA S\u00d3CIO!<\/a><\/div>\n<\/div>\n<\/div>\n\n\n\n<div style=\"height:50px\" aria-hidden=\"true\" class=\"wp-block-spacer\"><\/div>\n<\/div>\n","protected":false},"excerpt":{"rendered":"<p>COM QUEM TRABALHAMOS Conhe\u00e7a quem j\u00e1 \u00e9 Ademi-Niter\u00f3i SPIN INOVA\u00c7\u00d5ES IMOBILI\u00c1RIAS Av. Jornalista Alberto Francisco Torres, 177 Lj 102 \u2013 Icara\u00ed &#8211; Niter\u00f3i &#8211; RJCEP: 24230-002Tel: 2703-1000 JOAQUIM ANDRADE NETO ARQUITETURA E CONSULTORIA LTDA Rua Miguel de Frias, 77 sala 1816Cep: 24220-008Tel: (21) 2612-3346 SOTER \u2013 SOCIEDADE T\u00c9CNICA DE ENGENHARIA S.A Rua Dr. Borman n\u00ba &hellip; <\/p>\n<p class=\"link-more\"><a href=\"https:\/\/designideal.com.br\/ademi-niteroi\/associados\/\" class=\"more-link\">Leia mais<span class=\"screen-reader-text\"> &#8220;Associados&#8221;<\/span><\/a><\/p>\n","protected":false},"author":1,"featured_media":0,"parent":0,"menu_order":0,"comment_status":"closed","ping_status":"closed","template":"","meta":{"pgc_sgb_lightbox_settings":"","footnotes":""},"class_list":["post-7199","page","type-page","status-publish","hentry"],"aioseo_notices":[],"featured_media_urls":[],"_links":{"self":[{"href":"https:\/\/designideal.com.br\/ademi-niteroi\/wp-json\/wp\/v2\/pages\/7199","targetHints":{"allow":["GET"]}}],"collection":[{"href":"https:\/\/designideal.com.br\/ademi-niteroi\/wp-json\/wp\/v2\/pages"}],"about":[{"href":"https:\/\/designideal.com.br\/ademi-niteroi\/wp-json\/wp\/v2\/types\/page"}],"author":[{"embeddable":true,"href":"https:\/\/designideal.com.br\/ademi-niteroi\/wp-json\/wp\/v2\/users\/1"}],"replies":[{"embeddable":true,"href":"https:\/\/designideal.com.br\/ademi-niteroi\/wp-json\/wp\/v2\/comments?post=7199"}],"version-history":[{"count":7,"href":"https:\/\/designideal.com.br\/ademi-niteroi\/wp-json\/wp\/v2\/pages\/7199\/revisions"}],"predecessor-version":[{"id":7554,"href":"https:\/\/designideal.com.br\/ademi-niteroi\/wp-json\/wp\/v2\/pages\/7199\/revisions\/7554"}],"wp:attachment":[{"href":"https:\/\/designideal.com.br\/ademi-niteroi\/wp-json\/wp\/v2\/media?parent=7199"}],"curies":[{"name":"wp","href":"https:\/\/api.w.org\/{rel}","templated":true}]}}